.
-6
Suppose -2*h = -3*q + 11, -5*h + 3*q - 5 = -0*h. Suppose x + h = -0*x. Let k(c) = c**3 + 2*c**2 + 3*c. Calculate k(x).
-6
Let u(l) = l**2 + 11*l - 3. Let i(k) = 6*k - 33. Let w be i(4). Determine u(w).
-21
Let k(m) = 10*m + 4*m**3 - 11 + 8*m**2 + 4*m**2 - 4*m**3 + m**3. Let f be k(-11). Let i(w) = -w**3 + 4. Determine i(f).
4
Let q(r) = 4 - 1 + 11*r + r**2 + 3. Determine q(-6).
-24
Let o(n) be the first derivative of n**3/3 - 5*n**2/2 - n - 2. What is o(3)?
-7
Let i(v) = -v**2 + 6*v - 2. Let w = 3 - 8. Let q(l) = -l**3 - 6*l**2 - 5*l + 6. Let t be q(w). Calculate i(t).
-2
Let q(d) = d**3 - 5*d**2 - 4*d - 7. Let t(y) = -4*y - 10. Let z be t(-5). Let g = z + -4. Determine q(g).
5
Let x(s) = s**2 + 18 + 0*s**2 - 17 - 8*s. Determine x(6).
-11
Let w(k) = k**3 - 10*k**2 + 2*k**2 + k + 7*k**2 - 1. Let i be (2 - 2)/(-2 + 1). Calculate w(i).
-1
Suppose 5 = -3*l + 8. Let b(j) = -j**3 + j**2 + j - 1. Calculate b(l).
0
Let u(x) be the second derivative of -x**5/20 - x**4/3 - 17*x. Give u(-4).
0
Let o(t) be the second derivative of t**5/20 - t**4/2 + 2*t**3/3 + 3*t**2 - t. Let h = 0 - -3. Suppose 3*q = 18 - h. Determine o(q).
1
Let n(c) = c**2 + c - 1. Suppose -w + 2*h - 1 = 3*h, 2*h = -3*w. Give n(w).
5
Let x(w) be the third derivative of -w**4/12 - 2*w**3/3 + 3*w**2. Let l(r) = 2*r + 4. Let s be (4 - -2)*1*-1. Let m(b) = s*l(b) - 7*x(b). Determine m(-5).
-6
Let o = 5/6 - 7/12. Let u(j) be the first derivative of 2 - o*j**4 + 2*j**2 + 7*j + 4/3*j**3. Calculate u(5).
2
Suppose 4*t - 5*t - 4*q - 19 = 0, -t - 3*q - 15 = 0. Let a(h) = -3*h + 3*h + 2*h**2 + 0*h**2 + 3*h - 1. What is a(t)?
8
Let z(b) be the third derivative of b**4/12 - b**3/2 - 16*b**2. Give z(-4).
-11
Let r = -3 + 5. Let c(u) = u - u**r + u + 0*u**2 + 2. Suppose 3*g - g - 6 = 0. Calculate c(g).
-1
Let l(j) = 8*j**2 - 6*j - 5. Let c(y) = -y**2 + y + 1. Let h(x) = -5*c(x) - l(x). Determine h(1).
-2
Let v(r) = r**2 - 3. Suppose q + 0*q - 6 = 0. Suppose -2*n = -q + 2. Suppose 6 = n*k - 4*k. What is v(k)?
6
Let s be 1 + (1 + -1)/1. Let w(h) = -s - 1 + 4 - 1 + 4*h. Give w(1).
5
Let g(u) = -u - 2. Let f(t) = -t - 6. Let r be f(-6). What is g(r)?
-2
Let v = 14 + -20. Let p(w) = -w**3 - 7*w**2 - 4*w + 5. Calculate p(v).
-7
Let b(v) = -6*v**2 - 6*v - 5. Let q(z) = -5*z**2 - 6*z - 5. Let m(l) = 4*b(l) - 5*q(l). Let i be (-6)/(-5)*(-10)/(-3). Suppose 0 + i = -t. What is m(t)?
-3
Let k(l) = 5*l**2 - l. Let f(c) = c**2 + 10*c + 15. Let p be f(-8). Calculate k(p).
6
Let v = -1 + 6. Let j(s) = -3*s**3 + s**2 + 18*s - 10. Let p(w) = w**3 - 6*w + 3. Let m be (28/(-35))/((-1)/(-5)). Let r(u) = m*j(u) - 11*p(u). Determine r(v).
2
Suppose -y + 3 = 8. Let l = y - -7. Let q(i) = 2*i - 2. Calculate q(l).
2
Suppose 5*n - 10 + 0 = 0. Let w(l) = 0 - 1 - 2*l + 0 - n*l. Let b be 13/(-39) + (-4)/(-3). Determine w(b).
-5
Let j = -10 + 7. Let w be 1/(3/(-9)) - j. Let d(u) = -u**2 + 2. What is d(w)?
2
Suppose 2*s + g - 5 = 0, -g = s + 2*g + 10. Let r(j) = j**3 - 5*j**2 + j - 3. Calculate r(s).
2
Let p be (2/(-4))/((-1)/6). Let b(h) = 0 + h + 7 - 2 + p. Give b(-5).
3
Suppose 4*v + 14 = 2*m, 5*m + v - 46 = -11. Let n(p) = -p + 10. Give n(m).
3
Let f(a) be the second derivative of a**5/20 - a**4/4 - a**3 + 5*a**2/2 - a. Let b(v) = v**2 + 6*v + 4. Let r be b(-6). Determine f(r).
-3
Let b(g) = 3*g**2 + 12*g - 20. Let p(a) = -2*a**2 - 8*a + 13. Let w(j) = -5*b(j) - 8*p(j). What is w(-4)?
-4
Let k(d) = -d**3 - 3*d**2 + 2. Let y = -1 - -2. Let x = y + 1. Suppose 0*b + x = -b. Calculate k(b).
-2
Let f be (2/4)/(3/36). Suppose -f*v + 15 = -v. Let a(s) be the second derivative of s**4/12 - s**3/6 + 2*s**2 - 2*s. Determine a(v).
10
Let u(h) = -h - 3 - 2 + 2*h**2 + 3*h**2 - h**3. Let l = -11 - -16. Give u(l).
-10
Let n(c) = -2*c**2 + 19*c - 34. Let k be n(8). Let b(u) = u**2 + 10*u - 12. Calculate b(k).
-12
Let j(n) = 5*n - 2. Let r(v) = -v. Let y(o) = -j(o) - 4*r(o). What is y(3)?
-1
Suppose -3 = -2*s - l, -3*s + 21 = -0*s - 4*l. Let r(a) = 0*a - 2*a + a + s. What is r(3)?
0
Let d be 0 + (-22)/3 - 16/24. Let k(v) = -v + 1. Give k(d).
9
Suppose 0 = -f + 2, -v + 13*f - 6 = 14*f. Let k(y) = y**3 + 8*y**2 + y. Determine k(v).
-8
Let h(o) = o**2 + o - 5. Let m be h(0). Let n(i) be the second derivative of i**3/3 + i**2/2 + i. Give n(m).
-9
Let d be 88/10 - (-1)/5. Suppose 7*k - 2 = d*k. Let t(g) = 7*g**3 - g. Determine t(k).
-6
Let h(u) be the second derivative of u**4/12 - u**3 + u**2/2 - 19*u. What is h(6)?
1
Let c(v) be the third derivative of 0*v + 0 - 1/6*v**3 - 1/24*v**4 + 4*v**2. Determine c(-2).
1
Let i(a) = -3 - 4*a - 1 - a - a**2. Suppose -z + 12 = -5*z + 5*t, 0 = 3*z - t - 2. Let g be (0 - 3/z)*2. Determine i(g).
2
Let r(x) be the first derivative of x**2/2 + 7*x + 41. Calculate r(6).
13
Let c(n) be the third derivative of -n**7/2520 - 7*n**6/720 + n**5/30 + 7*n**4/24 - 10*n**2. Let i(z) be the second derivative of c(z). Give i(-8).
-4
Let w = 9 + -13. Let z(k) = -k**3 + 5*k**2 - 4*k + 2. Let s be z(4). Let b(r) = r**s + 2*r + 2 + r - 1. Determine b(w).
5
Suppose 0 = 13*d - 11*d. Let j(g) = g. Determine j(d).
0
Let i be 4/(-14) + (-66)/14. Let r(h) = -2*h - 7. Let z(u) = -u - 6. Let f(s) = 4*r(s) - 5*z(s). Let n(b) = -2*b + 3. Let m(c) = 3*f(c) - 4*n(c). Give m(i).
-1
Let j(l) = -l**2 + 6*l - 5. Let p(o) = o**3 + 2*o**2 - 5*o. Let k be p(-3). What is j(k)?
-5
Let f(k) be the third derivative of k**4/24 - 3*k**3/2 + 2*k**2. Let b = 4 + -4. Calculate f(b).
-9
Let z(r) = 4*r - 32 + 36 - 2*r. Give z(7).
18
Let t(k) = k - 1. Let s be t(0). Let v(o) = -2*o - o - 2*o + o. What is v(s)?
4
Let x(h) = -3*h**3 + 8*h**2 - 6*h - 3. Let j(b) be the third derivative of -b**6/120 + b**5/60 + b**3/6 - 9*b**2. Let m(i) = -4*j(i) + x(i). Determine m(-5).
-2
Let o(p) = -3 + 2 + 2 - 3*p. Let m be o(-2). Let g(y) = -m*y**2 - y**2 + 6*y**2 + 2 - 2*y + y**3. Calculate g(2).
-2
Suppose -j = 5*q + 2*j - 34, -2*q - 2 = -4*j. Let i(t) = t**2 - 6*t + 3. Calculate i(q).
-2
Let n(g) = -g**2 + 6*g + 8. Let r(l) = 3*l**2 - 12*l - 17. Let u(z) = -5*n(z) - 2*r(z). Let s(p) = -4 + p - 1 - 1. Let a be s(0). Determine u(a).
-6
Let q = -6 - -3. Let c(n) = -4*n**3 + 10*n - 3. Let h(b) = -5*b**3 - b**2 - 4 - 2*b + 7*b + 6*b. Let y(u) = -6*c(u) + 5*h(u). What is y(q)?
-5
Suppose 3 = -5*t - 27. Let i(d) = 2*d. Give i(t).
-12
Let h(j) be the third derivative of -7*j**4/24 - j**3/6 + 11*j**2. Give h(1).
-8
Let l(q) = -2*q + 9. Let o be l(6). Let s(k) = -2 + 6*k**2 - 3*k**2 - 72*k + 75*k - 2*k**2. Calculate s(o).
-2
Let h(z) be the first derivative of z**4/4 + 2*z**3/3 - z**2/2 + 2*z - 1. Let s be h(-2). Let y(t) = -s*t + 1 + 3*t - 6. Give y(-5).
0
Let m(z) = z**2 + 3*z + 1. Suppose 44*f - 40*f + 16 = 0. Give m(f).
5
Let z(q) be the third derivative of -q**6/720 + q**5/120 - q**4/24 - q**2. Let y(t) be the second derivative of z(t). Give y(-2).
3
Let a be (-2)/8 + (-27)/(-12). Suppose -a*i - 16 = -3*h, 3*h = -2*i + 2*h. Let v(b) = -b**2 + 2*b + 3. What is v(i)?
-5
Let g(o) be the third derivative of -1/3*o**3 + 0 + o**2 + 1/60*o**5 + 0*o**4 + 0*o. Determine g(-2).
2
Suppose 1061 = -6*a + 1073. Let n(s) be the third derivative of -s**6/60 + s**5/60 + s**4/8 - s**3/6 + s**2. Calculate n(a).
-7
Let j(t) = -2*t + 1 + 4*t**2 + t**3 + 0*t**2 + 0*t. Determine j(-4).
9
Let u = -7 + 8. Let y be (3 - 4)*(u + 1). Let r(f) = 4*f. What is r(y)?
-8
Let b(j) be the third derivative of -j**4/24 + 13*j**3/6 - j**2. Let u = -381 + 381. Determine b(u).
13
Let l(b) = 1. Let k(r) = -4*r + 4. Let z(n) = -k(n) + 5*l(n). Let w be (-57)/(-3) + (-1)/(-1). Suppose u = 2*v - 3*u - w, -v = -u - 6. Give z(v).
9
Suppose a - 17 = 4*q, -6 = -0*q + q - 2*a. Let z(y) be the third derivative of -y**5/30 - 5*y**4/24 + 2*y**3/3 - y**2. Calculate z(q).
-8
Let d(s) = -7 + 3*s - 4*s + 3*s. Let j = -6 - -11. Give d(j).
3
Let y(x) be the second derivative of -x**3/2 + 3*x**2/2 + 11*x. Calculate y(4).
-9
Let w(a) = 7 + a - 11 + 0. Determine w(5).
1
Let z(s) be the first derivative of -s**2 - 2*s + 41. Give z(2).
-6
Let r(p) = -p. Let s(u) = -u**3 - u + 14. Let k be s(0). Suppose -5*c + k = -n, n + 3*n = 5*c - 26. Determine r(c).
-2
Let k(r) be the third derivative of -r**6/120 + r**5/15 - r**4/12 + r**3/3 - 2*r**2. What is k(3)?
5
Suppose -3*d + 15 = 2*d. Let r(u) = u**3 - 3*u**2 - 4. Calculate r(d).
-4
Let f